48?
4
What is the millions digit of 7089866?
7
What is the thousands digit of 865845?
5
What is the thousands digit of 6596339?
6
What is the hundreds digit of 3884899?
8
What is the thousands digit of 272950?
2
What is the thousands digit of 13953?
3
What is the ten thousands digit of 354221?
5
What is the millions digit of 1112852?
1
What is the tens digit of 179784?
8
What is the thousands digit of 51478?
1
What is the units digit of 358284?
4
What is the thousands digit of 788306?
8
What is the thousands digit of 1279205?
9
What is the millions digit of 11488349?
1
What is the thousands digit of 1320828?
0
What is the hundred thousands digit of 612713?
6
What is the hundreds digit of 537143?
1
What is the ten thousands digit of 3925423?
2
What is the hundred thousands digit of 1857947?
8
What is the thousands digit of 9041629?
1
What is the thousands digit of 418708?
8
What is the ten thousands digit of 1399378?
9
What is the hundred thousands digit of 1686129?
6
What is the tens digit of 181761?
6
What is the thousands digit of 7217560?
7
What is the thousands digit of 62402?
2
What is the units digit of 256223?
3
What is the tens digit of 2962754?
5
What is the ten thousands digit of 5640822?
4
What is the tens digit of 8048233?
3
What is the ten thousands digit of 94658?
9
What is the tens digit of 179228?
2
What is the ten millions digit of 22206973?
2
What is the tens digit of 519977?
7
What is the thousands digit of 758680?
8
What is the thousands digit of 676379?
6
What is the ten thousands digit of 2099671?
9
What is the hundred thousands digit of 749111?
7
What is the hundreds digit of 2328882?
8
What is the ten thousands digit of 53123?
5
What is the thousands digit of 15701823?
1
What is the hundred thousands digit of 973511?
9
What is the tens digit of 4352286?
8
What is the hundreds digit of 1283525?
5
What is the hundreds digit of 296254?
2
What is the tens digit of 1392637?
3
What is the hundreds digit of 109993?
9
What is the ten thousands digit of 2905689?
0
What is the hundreds digit of 854159?
1
What is the hundred thousands digit of 28678465?
6
What is the millions digit of 17057700?
7
What is the hundreds digit of 162655?
6
What is the hundreds digit of 19321493?
4
What is the millions digit of 7153124?
7
What is the hundreds digit of 887785?
7
What is the tens digit of 9265344?
4
What is the units digit of 1338062?
2
What is the thousands digit of 1241607?
1
What is the thousands digit of 7579482?
9
What is the tens digit of 16657726?
2
What is the units digit of 1762608?
8
What is the thousands digit of 38410?
8
What is the millions digit of 2582905?
2
What is the units digit of 388169?
9
What is the hundreds digit of 395644?
6
What is the hundreds digit of 842441?
4
What is the hundreds digit of 926030?
0
What is the ten thousands digit of 574073?
7
What is the units digit of 530545?
5
What is the units digit of 134040?
0
What is the tens digit of 1579422?
2
What is the hundred thousands digit of 2121338?
1
What is the hundred thousands digit of 6675558?
6
What is the ten thousands digit of 195101?
9
What is the units digit of 460622?
2
What is the tens digit of 508736?
3
What is the millions digit of 9502300?
9
What is the millions digit of 32810498?
2
What is the hundred thousands digit of 1159382?
1
What is the hundred thousands digit of 246280?
2
What is the ten millions digit of 22942042?
2
What is the ten thousands digit of 290678?
9
What is the thousands digit of 839470?
9
What is the hundred thousands digit of 308082?
3
What is the thousands digit of 20473531?
3
What is the hundred thousands digit of 5000878?
0
What is the millions digit of 2850898?
2
What is the ten thousands digit of 1270945?
7
What is the thousands digit of 146730?
6
What is the units digit of 23390436?
6
What is the thousands digit of 4739256?
9
What is the hundred thousands digit of 405889?
4
What is the tens digit of 16636173?
7
What is the hundreds digit of 428318?
3
What is the tens digit of 168777?
7
What is the ten thousands digit of 1678600?
7
What is the thousands digit of 445822?
5
What is the hundreds digit of 1175652?
6
What is the tens digit of 161596?
9
What is the hundreds digit of 3460184?
1
What is the units digit of 175763?
3
What is the ten thousands digit of 492571?
9
What is the hundred thousands digit of 9590210?
5
What is the units digit of 465626?
6
What is the units digit of 93898?
8
What is the units digit of 51307?
7
What is the units digit of 1816609?
9
What is the ten thousands digit of 1421499?
2
What is the tens digit of 553686?
8
What is the thousands digit of 1450120?
0
What is the hundred thousands digit of 1076400?
0
What is the hundreds digit of 17251099?
0
What is the hundreds digit of 295629?
6
What is the units digit of 870528?
8
What is the hundred thousands digit of 14570243?
5
What is the thousands digit of 249124?
9
What is the thousands digit of 228603?
8
What is the tens digit of 527928?
2
What is the units digit of 1774552?
2
What is the ten thousands digit of 4245880?
4
What is the ten thousands digit of 5062938?
6
What is the thousands digit of 598870?
8
What is the hundreds digit of 5195404?
4
What is the hundred thousands digit of 19624834?
6
What is the units digit of 581326?
6
What is the thousands digit of 139280?
9
What is the thousands digit of 13791514?
1
What is the ten thousands digit of 344268?
4
What is the tens digit of 9602603?
0
What is the ten thousands digit of 805831?
0
What is the ten thousands digit of 7021222?
2
What is the hundred thousands digit of 3545141?
5
What is the units digit of 55330?
0
What is the ten thousands digit of 279661?
7
What is the ten thousands digit of 1389057?
8
What is the ten thousands digit of 10010241?
1
What is the ten thousands digit of 157553?
5
What is the hundred thousands digit of 5285715?
2
What is the millions digit of 2462334?
2
What is the units digit of 212360?
0
What is the thousands digit of 5547293?
7
What is the ten thousands digit of 329942?
2
What is the ten thousands digit of 488992?
8
What is the hundreds digit of 561794?
7
What is the hundreds digit of 229344?
3
What is the hundreds digit of 188584?
5
What is the hundred thousands digit of 3741506?
7
What is the millions digit of 17184942?
7
What is the millions digit of 7085731?
7
What is the hundreds digit of 73769?
7
What is the ten thousands digit of 52020?
5
What is the units digit of 346912?
2
What is the units digit of 273065?
5
What is the ten thousands digit of 849259?
4
What is the thousands digit of 634421?
4
What is the thousands digit of 67495?
7
What is the ten thousands digit of 28150?
2
What is the tens digit of 84119?
1
What is the units digit of 548210?
0
What is the hundred thousands digit of 907626?
9
What is the hundreds digit of 5464936?
9
What is the hundred thousands digit of 7401924?
4
What is the thousands digit of 285578?
5
What is the tens digit of 1777485?
8
What is the hundred thousands digit of 170860?
1
What is the ten thousands digit of 3591840?
9
What is the units digit of 3631691?
1
What is the millions digit of 13751493?
3
What is the millions digit of 3334779?
3
What is the thousands digit of 3191208?
1
What is the tens digit of 851729?
2
What is the tens digit of 304979?
7
What is the hundreds digit of 1285796?
7
What is the ten thousands digit of 11984?
1
What is the millions digit of 13739011?
3
What is the hundreds digit of 1383763?
7
What is the units digit of 326164?
4
What is the thousands digit of 1982735?
2
What is the hundreds digit of 6349022?
0
What is the units digit of 271844?
4
What is the ten thousands digit of 607614?
0
What is the millions digit of 19973502?
9
What is the units digit of 1102587?
7
What is the millions digit of 13861098?
3
What is the hundreds digit of 32288206?
2
What is the ten thousands digit of 22911399?
1
What is the tens digit of 582705?
0
What is the units digit of 4896082?
2
What is the tens digit of 11519?
1
What is the hundreds digit of 966178?
1
What is the hundred thousands digit of 2140018?
1
What is the hundreds digit of 5637?
6
What is the ten thousands digit of 77372?
7
What is the hundred thousands digit of 6381276?
3
What is the hundreds digit of 235695?
6
What is the ten thousands